{"id":1383,"date":"2022-05-27T21:07:07","date_gmt":"2022-05-27T19:07:07","guid":{"rendered":"https:\/\/moniter.pl\/blog\/?post_type=product&#038;p=1383"},"modified":"2023-10-18T10:04:02","modified_gmt":"2023-10-18T08:04:02","slug":"checklista-poremontowa","status":"publish","type":"product","link":"https:\/\/moniter.pl\/blog\/produkt\/checklista-poremontowa\/","title":{"rendered":"Checklista przed i po remontowa"},"content":{"rendered":"<p>Zestaw list Przed\/Po remontowych to:<\/p>\n<p>Wszystko co musisz zaplanowa\u0107 przed rozpocz\u0119ciem remontu, aby jak najlepiej i najszybciej go przeprowadzi\u0107. Z tak\u0105 checklist\u0105 uporz\u0105dkujesz i zaplanujesz &#8222;kroki milowe&#8221; w swojej inwestycji.<\/p>\n<p>oraz<\/p>\n<p>Doskona\u0142y zestaw procedur z opisami, jakie rzeczy sprawdzi\u0107 po \u015bwie\u017co przeprowadzonym remoncie i odbiorze mieszkania. Pozwoli zaoszcz\u0119dzi\u0107 czas i nerwy na napraw\u0119 drobnych usterek np. ciekn\u0105cy prysznic, czy \u017ale wyregulowane drzwi, kt\u00f3re zwykle wychodz\u0105 dopiero przy pierwszej eksploatacji mieszkania.<\/p>\n","protected":false},"excerpt":{"rendered":"<p>Zestaw list Przed\/Po remontowych to: Wszystko co musisz zaplanowa\u0107 przed rozpocz\u0119ciem remontu, aby jak najlepiej i najszybciej go przeprowadzi\u0107. Z tak\u0105 checklist\u0105 uporz\u0105dkujesz i zaplanujesz &#8222;kroki milowe&#8221; w swojej inwestycji. oraz Doskona\u0142y zestaw procedur z opisami, jakie rzeczy sprawdzi\u0107 po \u015bwie\u017co przeprowadzonym remoncie i odbiorze mieszkania. Pozwoli zaoszcz\u0119dzi\u0107 czas i nerwy na napraw\u0119 drobnych usterek [&hellip;]<\/p>\n","protected":false},"featured_media":1811,"template":"","meta":[],"product_brand":[],"product_cat":[30],"product_tag":[49],"class_list":{"0":"post-1383","1":"product","2":"type-product","3":"status-publish","4":"has-post-thumbnail","6":"product_cat-ebook","7":"product_tag-lead-magnet","9":"first","10":"instock","11":"downloadable","12":"virtual","13":"taxable","14":"purchasable","15":"product-type-simple"},"_links":{"self":[{"href":"https:\/\/moniter.pl\/blog\/wp-json\/wp\/v2\/product\/1383","targetHints":{"allow":["GET"]}}],"collection":[{"href":"https:\/\/moniter.pl\/blog\/wp-json\/wp\/v2\/product"}],"about":[{"href":"https:\/\/moniter.pl\/blog\/wp-json\/wp\/v2\/types\/product"}],"version-history":[{"count":2,"href":"https:\/\/moniter.pl\/blog\/wp-json\/wp\/v2\/product\/1383\/revisions"}],"predecessor-version":[{"id":4093,"href":"https:\/\/moniter.pl\/blog\/wp-json\/wp\/v2\/product\/1383\/revisions\/4093"}],"wp:featuredmedia":[{"embeddable":true,"href":"https:\/\/moniter.pl\/blog\/wp-json\/wp\/v2\/media\/1811"}],"wp:attachment":[{"href":"https:\/\/moniter.pl\/blog\/wp-json\/wp\/v2\/media?parent=1383"}],"wp:term":[{"taxonomy":"product_brand","embeddable":true,"href":"https:\/\/moniter.pl\/blog\/wp-json\/wp\/v2\/product_brand?post=1383"},{"taxonomy":"product_cat","embeddable":true,"href":"https:\/\/moniter.pl\/blog\/wp-json\/wp\/v2\/product_cat?post=1383"},{"taxonomy":"product_tag","embeddable":true,"href":"https:\/\/moniter.pl\/blog\/wp-json\/wp\/v2\/product_tag?post=1383"}],"curies":[{"name":"wp","href":"https:\/\/api.w.org\/{rel}","templated":true}]}}